5 = 3*c + b. Let m = -5 + c. What is the highest common factor of m and p?
2
Suppose -2*s + 30 + 14 = -2*g, -5*s - 2*g + 82 = 0. What is the highest common factor of s and 18?
18
Let k(z) = 55*z**2 + 2*z - 1. Let j be k(1). Let y = j + -36. Let f = 18 + 32. What is the greatest common factor of f and y?
10
Suppose -3*v = 4*g - 2 - 35, 2*g = 5*v - 27. What is the highest common divisor of v and 21?
7
Let h be (-12)/(-36) - (-134)/3. Calculate the highest common factor of 5 and h.
5
Let t(a) = -2*a + 32. Let s be t(-19). What is the highest common factor of s and 14?
14
Let x be (-226)/7 - 14/(-49). Let g = 56 + x. Calculate the highest common factor of g and 8.
8
Suppose -4*u = -5 - 11. What is the highest common factor of u and 10?
2
Let x(r) = r**3 + 6*r**2 + 5*r + 2. Let v be x(-5). Suppose 2*w = -4*p - 12, 14 = -2*w + 5*w - v*p. Calculate the highest common factor of 1 and w.
1
Let z = -125 + 246. Calculate the greatest common factor of z and 11.
11
Let q = 6 - -5. Let j = -404 + 246. Let a be j/(-14) + (-2)/7. What is the highest common factor of q and a?
11
Let u(v) = v**3 - 9*v**2 + 4*v - 1. Let q be u(9). Suppose 0 = 5*d - q - 40. Calculate the highest common divisor of d and 120.
15
Suppose y = -1 + 11. Suppose a = 3*m - 79, 3*a + 87 = 3*m - 0*a. What is the highest common divisor of m and y?
5
Let q be -1*1 + 0/(-4). Let z = 7 - q. Suppose z*w = 3*w + 210. Calculate the highest common factor of 63 and w.
21
Let z be 72/(-1)*15/(-10). Calculate the highest common factor of 36 and z.
36
Let v = -3 + 6. Suppose v*j + 4*b = 215, j + 2*b = 5*b + 50. What is the highest common factor of 13 and j?
13
Let p(y) = y**3 - y**2 - 5*y + 2. Let v be p(3). Suppose -v*c = -3*c - 130. Suppose -57 = -3*j - 18. What is the greatest common divisor of j and c?
13
Suppose 5*u + 45 = 3*l, -3*l + 66 - 18 = -4*u. Calculate the highest common factor of l and 10.
10
Suppose 5*h = -5*u + 80, 2*u - 17 = h - 0*h. Suppose -74 = 2*d - 5*r, 0*r - 5*r = 10. Let p be 1/(-3) - 56/d. Calculate the greatest common divisor of p and u.
1
Let o = -70 - -97. Calculate the greatest common divisor of o and 243.
27
Let l = -1862 - -2944. Suppose -4*n + l - 410 = 0. Suppose 4 = 5*g - 116. Calculate the highest common divisor of n and g.
24
Suppose 3*a - 224 = -4*a. What is the highest common divisor of a and 160?
32
Let m = 28 - -16. Suppose -4*w + 14 = -a - 56, 0 = -3*w + 5*a + m. What is the greatest common divisor of w and 12?
6
Let x(t) be the first derivative of t**2 - 7*t + 3. Let h be x(6). What is the highest common divisor of 35 and h?
5
Let c be ((-20)/(-3))/((-50)/(-15) - 3). What is the highest common factor of 5 and c?
5
Let s(b) = b**2 + 5*b - 3. Let q be s(-6). Suppose -95 = -2*j - q*j. Calculate the highest common divisor of j and 95.
19
Let c(i) = 2*i - 12. Let p be c(17). What is the highest common factor of p and 154?
22
Let t be (6/15)/(2/(-10)). Let p be (-2 - -2) + 2 + t. Suppose p = -4*x + 17 + 3. What is the highest common factor of x and 1?
1
Suppose -2*i = 4*i - 30. Suppose l - 139 = -i*g - 35, -2*g - 5*l + 60 = 0. What is the greatest common divisor of g and 60?
20
Let y = -17 - -33. What is the greatest common divisor of 32 and y?
16
Let w be (-1 - -15 - -2) + 3 + -4. Calculate the highest common divisor of 6 and w.
3
Suppose 4*z = 19 + 1. Suppose -3*h = -7*h - 16, -z*h - 524 = -4*c. Let b = 24 + -6. Calculate the greatest common factor of c and b.
18
Let s be (7 - 6)*(1 - -1). Suppose 5*r - n + 0*n = 28, r - 11 = s*n. Suppose r*p - 249 = 2*z + z, 33 = p + 5*z. What is the greatest common factor of 6 and p?
6
Suppose -2*b + 6 + 2 = 0. Suppose 4*r = -3*g + 36, -g - 36 = -b*g - r. Suppose a - 12 = -0*a. Calculate the highest common divisor of g and a.
12
Suppose -4*o + 2*o = -16. Calculate the highest common divisor of 8 and o.
8
Suppose 0 = -42*b + 46*b - 616. Calculate the highest common divisor of b and 14.
14
Suppose 3*w + 0*w = 15, -5*r - 3*w + 35 = 0. Let i = r + 0. Let l(z) = -2*z**2 - z + 6. Let u be l(0). What is the greatest common divisor of u and i?
2
Suppose 0 = 4*a - 7 - 13. Let u be (a - 1) + 0/5. What is the greatest common factor of 2 and u?
2
Let m = 49 - 5. Calculate the greatest common factor of 11 and m.
11
Suppose 6 = -2*o - 2. Let z = o - -36. What is the highest common factor of z and 8?
8
Let z be (27/15 + -1)*5. Let k(n) = -n**3 + 5*n**2 - 2*n - 4. Let d be k(z). Let w = 8 + -4. Calculate the greatest common divisor of d and w.
4
Let x be (-4 + 2)*26/(-4). What is the highest common divisor of 247 and x?
13
Let u(g) = 4*g**2 + g + 4. Let c be u(-5). Let s(y) = y**3 - 6*y**2 + 7*y - 1. Let z be s(5). Calculate the highest common divisor of c and z.
9
Suppose -3*h = -172 - 20. What is the greatest common factor of 16 and h?
16
Let r(t) = -t**3 + 3 - 4*t**2 + 0 - 3*t**2. Let n be r(-7). Suppose -3*a = -4*b + 48, -b - 2*a = n*a + 11. What is the greatest common factor of 45 and b?
9
Suppose 3*r = 2*n - 117, 0*n - 4*r + 204 = 4*n. Suppose 3*b - n = -0*b. What is the highest common divisor of 12 and b?
6
Suppose 2 = x - 7. Calculate the greatest common divisor of x and 36.
9
Let f be 6/(0 + 9/6). Calculate the greatest common divisor of 2 and f.
2
Let y(f) = 5*f**3 - 4*f**2 + 3*f - 1. Let k be y(2). What is the highest common factor of k and 29?
29
Let l = -10 - -19. Calculate the highest common divisor of l and 63.
9
Let v = -12 + 27. Suppose -v = 5*w - 105. Let j = w - 12. Calculate the greatest common divisor of j and 18.
6
Let o be 3 + 8 - 2/(-2). What is the greatest common factor of 6 and o?
6
Let d = -40 - -67. Suppose 15 = -19*x + 24*x. What is the greatest common divisor of d and x?
3
Let o(w) = 6*w - 6. Let g be o(4). Suppose 47*r - 50*r = -486. Calculate the greatest common divisor of g and r.
18
Suppose -16 = -5*k + 14. What is the greatest common factor of 6 and k?
6
Let u be ((15/6)/5)/((-17)/(-442)). Calculate the highest common divisor of u and 312.
13
Let i = -3 - -8. Suppose 0 = -4*t - i*b + 69, -t + 30 = t - 2*b. Suppose -6 = -4*j + 90. What is the highest common divisor of t and j?
8
Let r(p) = 4*p**2 + p - 1. Let h be r(1). Suppose 4*q + 176 = h*i, 2*i - 68 = -3*q + 25. Let g = -4 - -22. What is the highest common factor of g and i?
9
Let z be (-134)/(-10) + (-3 - (-54)/15). What is the highest common divisor of z and 42?
14
Let g = -14 - -18. Calculate the highest common divisor of g and 20.
4
Let j = 75 + -51. Let w be (j - 1) + (4 - 2). Let q = 65 + 160. What is the greatest common factor of w and q?
25
Let m = 4 + 0. Calculate the highest common factor of 20 and m.
4
Let k(a) = a**3 - 4*a**2 + a. Let d be k(5). What is the greatest common factor of 20 and d?
10
Let f be (-4)/(-1)*-1 + -12. Let d = -3 - f. Suppose -3*o + 159 = g, g + 153 = -o + 4*o. Calculate the highest common divisor of o and d.
13
Suppose 0 = -5*m + 4*z + 129, 8 + 22 = m - 5*z. What is the highest common factor of 200 and m?
25
Let s be -3 + 155/5 - -4. What is the greatest common divisor of 80 and s?
16
Suppose 5*j = -l - 7 + 20, 0 = 3*l + 3*j - 15. Suppose -l*v + 1 = -b + 3*b, 4*b - 6 = -2*v. What is the highest common factor of 2 and b?
2
Suppose 26 = -q + 3*q - c, 0 = -c. Let y be 2/(-4) - 183/(-2). What is the highest common divisor of q and y?
13
Let n be (-3 - -1)/(14/(-84)). Let b(v) = v**2 - 5*v - 6. Let l be b(-4). What is the greatest common divisor of n and l?
6
Suppose 2*v + 20 = 7*v, 2*v = 5*t - 52. Calculate the greatest common factor of t and 132.
12
Let c(r) be the second derivative of 2*r**3/3 - r**2 + 5*r. Let u be c(5). Calculate the highest common factor of 54 and u.
18
Let k = 122 - 72. What is the greatest common factor of k and 25?
25
Suppose -4*p + 37 = 5*f, 2*p + p - 21 = 3*f. What is the greatest common factor of 12 and p?
4
Suppose -3*v - 3*k + 23 = -4, -5*v - 3*k = -43. Calculate the highest common divisor of v and 56.
8
Suppose 5*u = -g + 8, -2*g - 3*g = 2*u - 17. Suppose 4*s = -g*r + 34, -2*s + 3*r - 10 = -36. Calculate the greatest common divisor of 5 and s.
5
Let n = -22 - -22. Let m be (n + 8)*(-4)/(-8). Calculate the highest common divisor of 16 and m.
4
Suppose -2*q - p - 3*p + 88 = 0, 4*p = -4*q + 172. What is the greatest common divisor of 6 and q?
6
Let h be -7*(-6)/(-2 + 3). Calculate the greatest